-- phpMyAdmin SQL Dump
-- version 4.6.6deb5ubuntu0.5
-- https://www.phpmyadmin.net/
--
-- Host: localhost:3306
-- Erstellungszeit: 12. Jan 2023 um 09:00
-- Server-Version: 10.1.48-MariaDB-0ubuntu0.18.04.1
-- PHP-Version: 7.2.24-0ubuntu0.18.04.10

SET SQL_MODE = "NO_AUTO_VALUE_ON_ZERO";
SET time_zone = "+00:00";


/*!40101 SET @OLD_CHARACTER_SET_CLIENT=@@CHARACTER_SET_CLIENT */;
/*!40101 SET @OLD_CHARACTER_SET_RESULTS=@@CHARACTER_SET_RESULTS */;
/*!40101 SET @OLD_COLLATION_CONNECTION=@@COLLATION_CONNECTION */;
/*!40101 SET NAMES utf8mb4 */;

--
-- Datenbank: `Movie_DB`
--

-- --------------------------------------------------------

--
-- Tabellenstruktur für Tabelle `actor`
--
-- Erstellt am: 12. Jan 2023 um 06:42
--

CREATE TABLE `actor` (
  `a_id` int(11) NOT NULL,
  `a_name` varchar(50) NOT NULL,
  `a_firstname` varchar(50) NOT NULL
) ENGINE=InnoDB DEFAULT CHARSET=utf8mb4;

--
-- RELATIONEN DER TABELLE `actor`:
--

--
-- Daten für Tabelle `actor`
--

INSERT INTO `actor` (`a_id`, `a_name`, `a_firstname`) VALUES
(1, 'Maffai', 'Peter'),
(2, 'Sins', 'Johnny'),
(3, 'Wahlberg', 'Mark'),
(4, 'Hart', 'Kevin'),
(5, 'Rock', 'The'),
(6, 'Maffai', 'Peter'),
(7, 'Sins', 'Johnny'),
(8, 'Wahlberg', 'Mark'),
(9, 'Hart', 'Kevin'),
(10, 'Rock', 'The');

-- --------------------------------------------------------

--
-- Tabellenstruktur für Tabelle `cast`
--
-- Erstellt am: 12. Jan 2023 um 07:56
--

CREATE TABLE `cast` (
  `c_id` int(11) NOT NULL,
  `c_a_id` int(11) NOT NULL,
  `c_m_id` int(11) NOT NULL
) ENGINE=InnoDB DEFAULT CHARSET=utf8mb4;

--
-- RELATIONEN DER TABELLE `cast`:
--   `c_a_id`
--       `actor` -> `a_id`
--   `c_m_id`
--       `movie` -> `m_id`
--   `c_a_id`
--       `actor` -> `a_id`
--   `c_m_id`
--       `movie` -> `m_id`
--

--
-- Daten für Tabelle `cast`
--

INSERT INTO `cast` (`c_id`, `c_a_id`, `c_m_id`) VALUES
(1, 1, 1),
(2, 1, 1),
(3, 2, 2),
(4, 2, 2),
(5, 3, 1),
(6, 3, 1),
(7, 4, 2),
(9, 5, 1),
(10, 4, 2);

-- --------------------------------------------------------

--
-- Tabellenstruktur für Tabelle `director`
--
-- Erstellt am: 12. Jan 2023 um 07:20
--

CREATE TABLE `director` (
  `d_id` int(11) NOT NULL,
  `d_name` varchar(50) NOT NULL,
  `d_firstname` varchar(50) NOT NULL
) ENGINE=InnoDB DEFAULT CHARSET=utf8mb4;

--
-- RELATIONEN DER TABELLE `director`:
--

--
-- Daten für Tabelle `director`
--

INSERT INTO `director` (`d_id`, `d_name`, `d_firstname`) VALUES
(1, 'Maffai', 'Peter'),
(2, 'Spielberg', 'Steven');

-- --------------------------------------------------------

--
-- Tabellenstruktur für Tabelle `genre`
--
-- Erstellt am: 12. Jan 2023 um 07:10
--

CREATE TABLE `genre` (
  `g_id` int(11) NOT NULL,
  `g_name` varchar(50) NOT NULL
) ENGINE=InnoDB DEFAULT CHARSET=utf8mb4;

--
-- RELATIONEN DER TABELLE `genre`:
--

--
-- Daten für Tabelle `genre`
--

INSERT INTO `genre` (`g_id`, `g_name`) VALUES
(1, 'Horror'),
(2, 'Action'),
(3, 'Fantasy'),
(4, 'Comedy');

-- --------------------------------------------------------

--
-- Tabellenstruktur für Tabelle `movie`
--
-- Erstellt am: 12. Jan 2023 um 07:51
--

CREATE TABLE `movie` (
  `m_id` int(11) NOT NULL,
  `m_title` varchar(50) NOT NULL,
  `m_duration` time NOT NULL,
  `m_g_id` int(11) NOT NULL,
  `m_d_id` int(11) NOT NULL
) ENGINE=InnoDB DEFAULT CHARSET=utf8mb4;

--
-- RELATIONEN DER TABELLE `movie`:
--   `m_d_id`
--       `director` -> `d_id`
--   `m_g_id`
--       `genre` -> `g_id`
--   `m_d_id`
--       `director` -> `d_id`
--   `m_g_id`
--       `genre` -> `g_id`
--

--
-- Daten für Tabelle `movie`
--

INSERT INTO `movie` (`m_id`, `m_title`, `m_duration`, `m_g_id`, `m_d_id`) VALUES
(1, 'Avatar', '03:00:00', 1, 1),
(2, 'Avatar 2', '03:00:00', 1, 2);

--
-- Indizes der exportierten Tabellen
--

--
-- Indizes für die Tabelle `actor`
--
ALTER TABLE `actor`
  ADD PRIMARY KEY (`a_id`);

--
-- Indizes für die Tabelle `cast`
--
ALTER TABLE `cast`
  ADD PRIMARY KEY (`c_id`),
  ADD KEY `cast_c_a_id` (`c_a_id`),
  ADD KEY `cast_c_m_id` (`c_m_id`);

--
-- Indizes für die Tabelle `director`
--
ALTER TABLE `director`
  ADD PRIMARY KEY (`d_id`);

--
-- Indizes für die Tabelle `genre`
--
ALTER TABLE `genre`
  ADD PRIMARY KEY (`g_id`);

--
-- Indizes für die Tabelle `movie`
--
ALTER TABLE `movie`
  ADD PRIMARY KEY (`m_id`),
  ADD KEY `movie_m_g_id` (`m_g_id`),
  ADD KEY `movie_m_d_id` (`m_d_id`);

--
-- AUTO_INCREMENT für exportierte Tabellen
--

--
-- AUTO_INCREMENT für Tabelle `actor`
--
ALTER TABLE `actor`
  MODIFY `a_id` int(11) NOT NULL AUTO_INCREMENT, AUTO_INCREMENT=11;
--
-- AUTO_INCREMENT für Tabelle `cast`
--
ALTER TABLE `cast`
  MODIFY `c_id` int(11) NOT NULL AUTO_INCREMENT, AUTO_INCREMENT=11;
--
-- AUTO_INCREMENT für Tabelle `director`
--
ALTER TABLE `director`
  MODIFY `d_id` int(11) NOT NULL AUTO_INCREMENT, AUTO_INCREMENT=3;
--
-- AUTO_INCREMENT für Tabelle `genre`
--
ALTER TABLE `genre`
  MODIFY `g_id` int(11) NOT NULL AUTO_INCREMENT, AUTO_INCREMENT=5;
--
-- AUTO_INCREMENT für Tabelle `movie`
--
ALTER TABLE `movie`
  MODIFY `m_id` int(11) NOT NULL AUTO_INCREMENT, AUTO_INCREMENT=3;
--
-- Constraints der exportierten Tabellen
--

--
-- Constraints der Tabelle `cast`
--
ALTER TABLE `cast`
  ADD CONSTRAINT `cast_c_a_id` FOREIGN KEY (`c_a_id`) REFERENCES `actor` (`a_id`),
  ADD CONSTRAINT `cast_c_m_id` FOREIGN KEY (`c_m_id`) REFERENCES `movie` (`m_id`);

--
-- Constraints der Tabelle `movie`
--
ALTER TABLE `movie`
  ADD CONSTRAINT `movie_m_d_id` FOREIGN KEY (`m_d_id`) REFERENCES `director` (`d_id`),
  ADD CONSTRAINT `movie_m_g_id` FOREIGN KEY (`m_g_id`) REFERENCES `genre` (`g_id`);

/*!40101 SET CHARACTER_SET_CLIENT=@OLD_CHARACTER_SET_CLIENT */;
/*!40101 SET CHARACTER_SET_RESULTS=@OLD_CHARACTER_SET_RESULTS */;
/*!40101 SET COLLATION_CONNECTION=@OLD_COLLATION_CONNECTION */;
